- 3 - (-18 - -5 - -16)?
-40
Calculate -38 + 0 - 2 - (38 + -16 - 35).
-27
-1528 + 1563 + (0 - 31) - -31
35
-32 + -1 + 63 + -12 + 5 + -22
1
What is -7 + 24 + (-47 - (16 + 5))?
-51
What is the value of -5 - ((-13 - 4 - (-4 - (9 + -5))) + 53)?
-49
-5 - (-2 + -33) - (15 + (-22 - 5) - -14)
28
19 + (7 - (89 + -113))
50
What is 1 + 7 - (115 + 24 + 5) - (-4 - 5)?
-127
Evaluate 29 - 38 - -30 - -8.
29
Calculate 4 + (-1 - -8) + (2 - 4) + -104 + 103.
8
What is the value of (219 - 234 - (-1 - (1 + -4 - -5))) + 14?
2
-26 + (-4 - (59 + -53 + (-1 - 0)) - -3)
-32
What is the value of -4 + -9 + 12 + -3 - (8 + 33)?
-45
What is the value of (15 - -15) + (1 - (-2 - -4)) + 220 + -210?
39
What is the value of -39 + 18 + 19 + 2 + 14 + -12 + 3?
5
-4 + -62 - (-515 - -495)
-46
-21 + -16 + 46 + -51
-42
What is 0 + -1 + 777 + -709 - 28?
39
Calculate -33 + 18 + -8 + 7 + 14.
-2
10 + (-54 - -33) - (-30 + 1) - 11
7
59 - (78 - (105 + -62))
24
51 - 89 - -39 - 63
-62
What is the value of 94 - (97 + -85 + 73)?
9
6 - ((12 - (0 + 1)) + -16 + 33 + -11)
-11
Calculate 6 - 1 - 1 - (1660 + -1674).
18
What is the value of -12 - (-18 - (-32 - -13) - (2 + 42))?
31
What is (9779 - 9768) + 52 + 1?
64
What is the value of 29 + -136 + 23 + 0?
-84
What is (-13 - (-58 - -28)) + -3?
14
Evaluate -29 + (-57 - -41) + 3 + 0 + (-3 - -2).
-43
What is -1 - -52 - 5 - (199 - 78)?
-75
Calculate 1628 + -1755 + 7 + -4 + -1 + (-6 - -17).
-114
Calculate (5 - (3 + (11 - 16) + 3)) + -118.
-114
What is 1429 + -1422 + (2 - (-1 + 4) - (3 - -111))?
-108
What is 241 + (92 - -57 - 274)?
116
Calculate (-45 - 29) + 73 - (-1 + (1 - 32)).
31
2 + 40 + (-71 - (103 - 117))
-15
Evaluate -91 + (12 - -22) + 4.
-53
What is the value of -50 + (-4 + 22 - -4 - -7)?
-21
(7 - -12) + (28 - 72) + 49
24
(0 - -2 - (62 - -42)) + (-2 - 4)
-108
Evaluate -45 - ((-4 - 0) + 6 - (-9 - (-21 - -15))).
-50
What is the value of 110 + -54 - (-1 + 32)?
25
What is 12 + 11 + (-27 - -24) + -2 + (62 - 0)?
80
What is the value of (-56 - (19 - 24)) + -3 + 5?
-49
What is 16 - ((6 - 1) + -10 + 7) - (6 - -1)?
7
1 + -58 - (3 - 45 - -29)
-44
What is -49 + -35 + (-5 - -53) - (-13 + 1)?
-24
Evaluate 8 + -6 + -3 + -2 + (-33 - (3 + 21)).
-60
What is -36 - ((41 - (41 - 16)) + 0)?
-52
What is 1 - (-43 - (-54 - -27) - (-9 + 2))?
10
Evaluate (0 - -17) + -87 + (-36 - -76).
-30
Calculate 53 - (85 + 32) - 10.
-74
-24 - ((-2504 - -2506) + (89 - 1))
-114
(26 - 51 - -43) + (-15 - 51)
-48
3422 + -3392 + (1 - 2)
29
Evaluate (24 - 0) + (125 - -8 - 216).
-59
-26 + (-23 - (-7 + (-13 - -4))) + (-3 - -1)
-35
What is 4157 + -3983 - (3 - (1 + -27))?
145
Evaluate -24 + (-2 - -2) + (-16 + 52 - 23).
-11
Evaluate (-3 - 8) + (6 - -35 - (-41 + 67)).
4
Evaluate -5 - (5 + 130 + -18 + 6 + -1).
-127
What is the value of -90 + 33 + 14 + -5 - (-3 + (-1 - -2))?
-46
What is the value of (-1 - 2) + -51 + 20 - (3 + -1)?
-36
Evaluate 4 + -4 + -45 + -38 + -27 + 78.
-32
What is the value of 82 - (-3 + 122 - 75)?
38
What is the value of -18 + (-17 - -45) - -7 - 16 - (0 + 111)?
-110
Evaluate -5382 + 5465 - (74 - 1).
10
0 + -42 + (-168 - (8 - 177))
-41
What is (10 + -54 - -31) + 9 - ((-1 - -4) + -48)?
41
5 + (26 - 7 - (7 + 44))
-27
Calculate 2 + 14 + -25 + 13 + (8 - 70).
-58
What is the value of -6 + (-10 - 4 - 2) + -11?
-33
Evaluate 13 + -80 + (-591 - -695).
37
What is the value of (18 + -39 - ((3 - 9) + -7)) + -23?
-31
Evaluate 10 + -1 - (8615 + -8587).
-19
(5 - 3 - 4 - (13 - 46)) + -2
29
Calculate -4 + 3 + 11 + -18 + (3 + 7 - -3).
5
What is the value of -55 + 31 + 2 + 21 - (0 - -3)?
-4
What is 13 + (46 - 47) - (59 - (7 - 0))?
-40
What is the value of (-26 - -2 - (-60 + 55)) + 0?
-19
-2 + -79 - (3205 + -3247)
-39
(-4 - 43) + 1592 + -1653
-108
-20 + 1 + (2513 - 2516)
-22
Evaluate -2 + 9 + (-51 + -2 - (-250 - -266)).
-62
What is the value of (-1 + -1 - 43) + (23 - -1) + (-9 - 22)?
-52
Calculate 2 + 5 + (-20 + 23 - 29 - -34).
15
What is the value of (13 + (1 - -23) - -1) + (-2 - 11)?
25
Evaluate -15 - ((-1 - -2) + -22 + 13 + 6 + 8).
-21
(2 - 7) + (1304 + -1324 - (1 - 19 - 0))
-7
Evaluate 0 + (-19 - 3) + (-101 - -91).
-32
Calculate 87 + -100 + 39 + 14.
40
-44 + 25 - (25 + -74)
30
What is the value of 92 + (-54 - (59 - 49))?
28
What is -36 - ((-51 - 32) + 102)?
-55
Evaluate -21 + (6 - (-23 - -11)) + -2 - (36 - -1).
-42
What is 42 - (2 + (-16 + 6 - (-12 + -9 - -9)))?
38
Calculate (-13 - (-81 - -51)) + 43.
60
What is the value of -163 + (60 - -120) + -107?
-90
Calculate (-47 - -73) + -7 + -65.
-46
Evaluate 63 + 14 + 7 + -18 + -19.
47
Calculate 2 + -23 - (-2 + 50 + 555 + -661).
37
What is the value of -33 + (85 - 2) + -98?
-48
What is (29 + (-9 - -13) - -5) + (-110 - -108)?
36
(2 - 11) + (9 - (-20 + 7) - -12)
25
What is 18 + (49 - 48) + -92?
-73
Evaluate -19 - (-64 + 46 + 3).
-4
Evaluate 41 + -1 + 5 + 8 + -20 - 2.
31
What is (-19 - (-14 + 29 + -12)) + -27?
-49
Evaluate (-2 + 8 - (0 - -6 - (-580 + 578))) + 23.
21
Evaluate 143 - (211 - 70 - 62).
64
Calculate -21 + -14 + 21 + 3 - (0 - (1 - 41)).
-51
What is the value of 61 - (-119 - -25) - 98?
57
Evaluate -12 + (-56 - -9) + (5 - -12 - 9).
-51
What is -39 - (-40 + 18) - (79 + -78)?
-18
What is the value of -17 - ((-3 + 11 - 75) + 15)?
35
17 + -23 + 10 + 3 + 29
36
Calculate -45 + 15 - -35 - -81 - (-1 - (3 - 0)).
90
What is the value of -34 - (-76 - -23) - (56 + 1)?
-38
(51 - (42 - 28)) + -7
30
What is -35 - (3 - (1 + 17 - (257 - 247)))?
-30
Calculate (6686 - 6703) + (-17 - (0 - 0)).
-34
What is (-3 - (0 - -2)) + 74 + 12 - (-230 - -240)?
71
What is the value of -3 - 3 - -21 - (-3 - 9 - -9 - -6)?
12
Calculate 62 - (13 + -13 - -26).
36
38 + -31 + (-32 - 0) + -6 + -9 + 20
-20
12 + (-54 - -15) + 67 + 20
60
(-3 + (53 - -16) + 14 - 3) + 1
78
-24 + 110 - (7 + (-8 - -2) + 13 + -3)
75
Calculate 2648 - 2747 - (-76 - 1).
-22
Evaluate (-1 - (-1 - 2)) + 10 + 61 + -101.
-28
Evaluate -2 + 0 - (123 + -118) - (-1 + 73).
-79
33 + -61 + 38 + (-1 - 11) - 51
-53
Evaluate -86 - (-161 - -102 - 88).
61
(8 - (-16 + 6) - 33) + 52 - (-6 + 1)
42
What is 54 + -38 + -28 - (17 + 2)?
-31
What is the value of -4 + -7 + 15 + (-29 - -11)?
-14
Calculate -2 + (11 - (7 - -1)) + 2.
3
What is the value of 44 - (129 - (174 + -72))?
17
50 + (-21 - -52 - 80)
1
Calculate -124 + 1 + 45 + -35.
-113
Evaluate (-4 - (19 + -3)) + (-31 - (-17 + -23)).
-11
What is the value of 1 + (4 + -2 - -89) - (-11 + 241 + -231)?
93
What is 51 - (18 - (46 - 81))?
-2
32 - -8 - (-3 - -3) - -8
48
What is the value of (4 + 4 - (-7 + 23) - -20) + 3?
15
Evaluate -14 + -10 + 17 + 9 - (2 + 31).
-31
-64 + (38 - 0) + 1107 + -1109
-28
Evaluate -34 + -20 + (-21 - -17) + 24.
-34
(-8 - (2 + 3)) + 3 + 0
-10
0 + 23 - (-13 + (-25 - -37))
24
Calculate 29 + (-10 - 29) - (73 + 0 + -2 - -1).
-82
28 - (-9 - (173 + -178 + (-11 - -1)))
22
Calculate (9 - -3) + 4 + (10 - -2) + -26 + -6.
-4
What is the value of -5877 + 5896 - (1 - -67)?
-49
What is the value of -5 - ((-11 - -19) + (-1 - 15) + 2 + 41)?
-40
-1 - ((-1 - 1) + 2) - 6
-7
1 - -7 - (-36 + -39 + 57 + (-8 - -2))
32
What is the value of 0 + -53 + 8202 + -8190?
-41
Calculate (-8 - 2) + -1 + (71 - 54) - 50 - -3.
-41
-76 + 77 + (3 - (2 + 4 - -12)) + -43
-57
-24 + 24 + (-23 - 1) - 39 - -6
-57
Evaluate (-75 - (2 + -3)) + 2 + -80 + 91.
-61
-61 - (-64 + (-108 - -195))
-84
-84 - (-83 + -81 + 187)
-107
-12 - ((-6 - -4 - -1) + 18 + -11 - 21)
3
156 - 138 - (127 - ((4 - 4) + 2))
-107
Evaluate -88 - ((43 - 25) + -2 + -44).
-60
What is 3 + 17 + -39 - -23?
4
Evaluate (13 - ((1 - 4) + -2)) + (-16 - -3).
5
Evaluate (12 - -14) + -50 + -50 + 49.
-25
Evaluate 360 + -197 - (17 + 45).
101
Calculate -9 + (-45 - -50) - (-3 + 0).
-1
Evaluate 17 - (-18 - -4 - -2 - (35 + 34)).
98
-55 - 0 - (123 - 134 - 0)
-44
Calculate -5 + -16 + (8 - -14 - 33).
-32
Calculate -4 - (-11 + 6 + (1 - 0)) - 7.
-7
What is the value of 50 - (-22 - 1 - -16 - -6)?
51
(-15 - -5) + (155 - (0 - -33))
112
What is the value of -20 + 34 + -24 + (4 - -2 - (-10 - 65))?
71
5 - 10 - (-6 - 6 - -18)
-11
What is 1 + (0 - 6) + 425 + -158 + -257 - -83?
88
What is 3 + (12 + -9 - -3) - 5 - (61 - 0)?
-57
Calculate 22 + -10 + (-62 - -38) - 53.
-65
Evaluate -2 - (4 + -1 + -5) - (28 - (12 - -3)).
-13
Evaluate -75 - (-39 + (37 - 2) + 24).
-95
Calculate (0 - 26) + (153 - 113 - 14) + (0 - 113).
-113
What is the value of -44 - (32 - 30) - -16?
-30
3 - (6 + 0 - 13 - 19) - (-